{"id":816,"date":"2022-11-24T23:23:44","date_gmt":"2022-11-24T22:23:44","guid":{"rendered":"https:\/\/www.lesigne.be\/?page_id=816"},"modified":"2025-12-30T11:47:55","modified_gmt":"2025-12-30T10:47:55","slug":"amarrages","status":"publish","type":"page","link":"https:\/\/www.lesigne.be\/index.php\/amarrages\/","title":{"rendered":"Amarrages"},"content":{"rendered":"\t\t<div data-elementor-type=\"wp-page\" data-elementor-id=\"816\" class=\"elementor elementor-816\">\n\t\t\t\t\t\t<section class=\"elementor-section elementor-top-section elementor-element elementor-element-3bfaedb0 elementor-section-boxed elementor-section-height-default elementor-section-height-default\" data-id=\"3bfaedb0\" data-element_type=\"section\" data-e-type=\"section\">\n\t\t\t\t\t\t<div class=\"elementor-container elementor-column-gap-default\">\n\t\t\t\t\t<div class=\"elementor-column elementor-col-100 elementor-top-column elementor-element elementor-element-4c4485a\" data-id=\"4c4485a\" data-element_type=\"column\" data-e-type=\"column\">\n\t\t\t<div class=\"elementor-widget-wrap elementor-element-populated\">\n\t\t\t\t\t\t<div class=\"elementor-element elementor-element-2c7d3dfe elementor-widget elementor-widget-text-editor\" data-id=\"2c7d3dfe\" data-element_type=\"widget\" data-e-type=\"widget\" data-widget_type=\"text-editor.default\">\n\t\t\t\t<div class=\"elementor-widget-container\">\n\t\t\t\t\t\t\t\t\t<p><\/p>\n<p>Le projet \u00ab\u00a0Amarrages+\u00a0\u00bb a \u00e9t\u00e9 cr\u00e9\u00e9 en septembre 2022 pour r\u00e9pondre \u00e0 l\u2019augmentation de jeunes en d\u00e9crochage scolaire. Il se focalise sur une \u00e9cole du quartier, l\u2019\u00ab\u00a0Ath\u00e9n\u00e9e Royal Vauban\u00a0\u00bb. \u00a0L\u2019action est syst\u00e9mique dans la mesure o\u00f9 elle s\u2019attaque au ph\u00e9nom\u00e8ne sous plusieurs angles\u00a0: scolaire, familial et individuel. Dans cette optique, Le Signe m\u00e8ne\u00a0:<\/p>\n<ul style=\"margin-top: 0cm;\" type=\"disc\">\n<li>Une action de pr\u00e9vention sociale, puisqu\u2019on agit sur le milieu de vie du jeune (l\u2019\u00e9cole), afin d\u2019y rep\u00e9rer les signes de d\u00e9crochage (mal-\u00eatre) en instaurant au sein de l\u2019\u00e9tablissement une politique d\u2019am\u00e9lioration du bien-\u00eatre des \u00e9l\u00e8ves. Concr\u00e8tement, il s\u2019agit d\u2019animations d\u2019affiliation (cr\u00e9ation de liens entre les \u00e9l\u00e8ves et AMO) \u00a0et de coh\u00e9sion (d\u00e9veloppement du sentiment d\u2019appartenance au sein de la classe) dans les classes de premi\u00e8res secondaires :\u00a0<\/li>\n<\/ul>\n<ul style=\"margin-top: 0cm;\" type=\"disc\">\n<li>Des actions de pr\u00e9vention \u00e9ducatives avec les jeunes \u00ab\u00a0rep\u00e9r\u00e9s\u00a0\u00bb\u00a0:\n<ul style=\"margin-top: 0cm;\" type=\"disc\">\n<li>Les actions individuelles (accompagnement du jeune) se d\u00e9roulent soit \u00e0 l\u2019\u00e9cole (permanence au sein de l\u2019\u00e9tablissement scolaire), soit \u00e0 l\u2019AMO, soit en famille.<\/li>\n<li>Les actions collectives se d\u00e9roulent ponctuellement \u00e0 l\u2019AMO le mercredi apr\u00e8s-midi ou lors des cong\u00e9s scolaires (en intra ou extra-muros (camps)).<\/li>\n<\/ul>\n<\/li>\n<\/ul>\n<p>Transversalement \u00e0 toutes les actions, nous visons le d\u00e9veloppement des comp\u00e9tences psychosociales en postulant qu\u2019elles contribuent n\u00e9cessairement \u00e0 l\u2019accrochage scolaire et, par ricochet, aux apprentissages.<\/p>\n<p>Nous agissons dans l\u2019\u00e9cole, les classes, la cour, au contact direct des \u00e9l\u00e8ves, avec un temps sp\u00e9cifique consacr\u00e9 aux premi\u00e8res ann\u00e9es du secondaire.<\/p>\n<p><\/p>\n<p><strong>Responsable du projet au sein de l\u2019AMO<\/strong>\u00a0:\u00a0<a href=\"tel:0487461718\">LETON Olivier \u2013 0487\/46.17.18<\/a><\/p>\n<p><\/p>\t\t\t\t\t\t\t\t<\/div>\n\t\t\t\t<\/div>\n\t\t\t\t\t<\/div>\n\t\t<\/div>\n\t\t\t\t\t<\/div>\n\t\t<\/section>\n\t\t\t\t<section class=\"elementor-section elementor-top-section elementor-element elementor-element-b25fcab elementor-section-boxed elementor-section-height-default elementor-section-height-default\" data-id=\"b25fcab\" data-element_type=\"section\" data-e-type=\"section\">\n\t\t\t\t\t\t<div class=\"elementor-container elementor-column-gap-default\">\n\t\t\t\t\t<div class=\"elementor-column elementor-col-100 elementor-top-column elementor-element elementor-element-313261d\" data-id=\"313261d\" data-element_type=\"column\" data-e-type=\"column\">\n\t\t\t<div class=\"elementor-widget-wrap elementor-element-populated\">\n\t\t\t\t\t\t<div class=\"elementor-element elementor-element-d3537ec elementor-widget elementor-widget-image\" data-id=\"d3537ec\" data-element_type=\"widget\" data-e-type=\"widget\" data-widget_type=\"image.default\">\n\t\t\t\t<div class=\"elementor-widget-container\">\n\t\t\t\t\t\t\t\t\t\t\t\t\t\t\t<img fetchpriority=\"high\" decoding=\"async\" width=\"768\" height=\"1086\" src=\"https:\/\/www.lesigne.be\/wp-content\/uploads\/2024\/05\/Affiche-Amarrages-768x1086.jpg\" class=\"attachment-medium_large size-medium_large wp-image-947\" alt=\"\" srcset=\"https:\/\/www.lesigne.be\/wp-content\/uploads\/2024\/05\/Affiche-Amarrages-768x1086.jpg 768w, https:\/\/www.lesigne.be\/wp-content\/uploads\/2024\/05\/Affiche-Amarrages-212x300.jpg 212w, https:\/\/www.lesigne.be\/wp-content\/uploads\/2024\/05\/Affiche-Amarrages-724x1024.jpg 724w, https:\/\/www.lesigne.be\/wp-content\/uploads\/2024\/05\/Affiche-Amarrages-1087x1536.jpg 1087w, https:\/\/www.lesigne.be\/wp-content\/uploads\/2024\/05\/Affiche-Amarrages.jpg 1170w\" sizes=\"(max-width: 768px) 100vw, 768px\" \/>\t\t\t\t\t\t\t\t\t\t\t\t\t\t\t<\/div>\n\t\t\t\t<\/div>\n\t\t\t\t\t<\/div>\n\t\t<\/div>\n\t\t\t\t\t<\/div>\n\t\t<\/section>\n\t\t\t\t<\/div>\n\t\t","protected":false},"excerpt":{"rendered":"<p>Le projet \u00ab\u00a0Amarrages+\u00a0\u00bb a \u00e9t\u00e9 cr\u00e9\u00e9 en septembre 2022 pour r\u00e9pondre \u00e0 l\u2019augmentation de jeunes en d\u00e9crochage scolaire. Il se focalise sur une \u00e9cole du quartier, l\u2019\u00ab\u00a0Ath\u00e9n\u00e9e Royal Vauban\u00a0\u00bb. \u00a0L\u2019action est syst\u00e9mique dans la mesure o\u00f9 elle s\u2019attaque au ph\u00e9nom\u00e8ne sous plusieurs angles\u00a0: scolaire, familial et individuel. Dans cette optique, Le Signe m\u00e8ne\u00a0: Une action&hellip;<\/p>\n","protected":false},"author":2,"featured_media":0,"parent":0,"menu_order":0,"comment_status":"closed","ping_status":"closed","template":"","meta":{"footnotes":""},"class_list":["post-816","page","type-page","status-publish","hentry"],"_links":{"self":[{"href":"https:\/\/www.lesigne.be\/index.php\/wp-json\/wp\/v2\/pages\/816","targetHints":{"allow":["GET"]}}],"collection":[{"href":"https:\/\/www.lesigne.be\/index.php\/wp-json\/wp\/v2\/pages"}],"about":[{"href":"https:\/\/www.lesigne.be\/index.php\/wp-json\/wp\/v2\/types\/page"}],"author":[{"embeddable":true,"href":"https:\/\/www.lesigne.be\/index.php\/wp-json\/wp\/v2\/users\/2"}],"replies":[{"embeddable":true,"href":"https:\/\/www.lesigne.be\/index.php\/wp-json\/wp\/v2\/comments?post=816"}],"version-history":[{"count":21,"href":"https:\/\/www.lesigne.be\/index.php\/wp-json\/wp\/v2\/pages\/816\/revisions"}],"predecessor-version":[{"id":1048,"href":"https:\/\/www.lesigne.be\/index.php\/wp-json\/wp\/v2\/pages\/816\/revisions\/1048"}],"wp:attachment":[{"href":"https:\/\/www.lesigne.be\/index.php\/wp-json\/wp\/v2\/media?parent=816"}],"curies":[{"name":"wp","href":"https:\/\/api.w.org\/{rel}","templated":true}]}}

<div data-elementor-type="wp-page" data-elementor-id="816" class="elementor elementor-816">
						<section class="elementor-section elementor-top-section elementor-element elementor-element-3bfaedb0 elementor-section-boxed elementor-section-height-default elementor-section-height-default" data-id="3bfaedb0" data-element_type="section" data-e-type="section">
						<div class="elementor-container elementor-column-gap-default">
					<div class="elementor-column elementor-col-100 elementor-top-column elementor-element elementor-element-4c4485a" data-id="4c4485a" data-element_type="column" data-e-type="column">
			<div class="elementor-widget-wrap elementor-element-populated">
						<div class="elementor-element elementor-element-2c7d3dfe elementor-widget elementor-widget-text-editor" data-id="2c7d3dfe" data-element_type="widget" data-e-type="widget" data-widget_type="text-editor.default">
				<div class="elementor-widget-container">
									<p></p>
<p>Le projet « Amarrages+ » a été créé en septembre 2022 pour répondre à l’augmentation de jeunes en décrochage scolaire. Il se focalise sur une école du quartier, l’« Athénée Royal Vauban ».  L’action est systémique dans la mesure où elle s’attaque au phénomène sous plusieurs angles : scolaire, familial et individuel. Dans cette optique, Le Signe mène :</p>
<ul style="margin-top: 0cm;" type="disc">
<li>Une action de prévention sociale, puisqu’on agit sur le milieu de vie du jeune (l’école), afin d’y repérer les signes de décrochage (mal-être) en instaurant au sein de l’établissement une politique d’amélioration du bien-être des élèves. Concrètement, il s’agit d’animations d’affiliation (création de liens entre les élèves et AMO)  et de cohésion (développement du sentiment d’appartenance au sein de la classe) dans les classes de premières secondaires : </li>
</ul>
<ul style="margin-top: 0cm;" type="disc">
<li>Des actions de prévention éducatives avec les jeunes « repérés » :
<ul style="margin-top: 0cm;" type="disc">
<li>Les actions individuelles (accompagnement du jeune) se déroulent soit à l’école (permanence au sein de l’établissement scolaire), soit à l’AMO, soit en famille.</li>
<li>Les actions collectives se déroulent ponctuellement à l’AMO le mercredi après-midi ou lors des congés scolaires (en intra ou extra-muros (camps)).</li>
</ul>
</li>
</ul>
<p>Transversalement à toutes les actions, nous visons le développement des compétences psychosociales en postulant qu’elles contribuent nécessairement à l’accrochage scolaire et, par ricochet, aux apprentissages.</p>
<p>Nous agissons dans l’école, les classes, la cour, au contact direct des élèves, avec un temps spécifique consacré aux premières années du secondaire.</p>
<p></p>
<p><strong>Responsable du projet au sein de l’AMO</strong> : <a href="tel:0487461718">LETON Olivier – 0487/46.17.18</a></p>
<p></p>								</div>
				</div>
					</div>
		</div>
					</div>
		</section>
				<section class="elementor-section elementor-top-section elementor-element elementor-element-b25fcab elementor-section-boxed elementor-section-height-default elementor-section-height-default" data-id="b25fcab" data-element_type="section" data-e-type="section">
						<div class="elementor-container elementor-column-gap-default">
					<div class="elementor-column elementor-col-100 elementor-top-column elementor-element elementor-element-313261d" data-id="313261d" data-element_type="column" data-e-type="column">
			<div class="elementor-widget-wrap elementor-element-populated">
						<div class="elementor-element elementor-element-d3537ec elementor-widget elementor-widget-image" data-id="d3537ec" data-element_type="widget" data-e-type="widget" data-widget_type="image.default">
				<div class="elementor-widget-container">
															<img fetchpriority="high" decoding="async" width="768" height="1086" src="https://www.lesigne.be/wp-content/uploads/2024/05/Affiche-Amarrages-768x1086.jpg" class="attachment-medium_large size-medium_large wp-image-947" alt="" srcset="https://www.lesigne.be/wp-content/uploads/2024/05/Affiche-Amarrages-768x1086.jpg 768w, https://www.lesigne.be/wp-content/uploads/2024/05/Affiche-Amarrages-212x300.jpg 212w, https://www.lesigne.be/wp-content/uploads/2024/05/Affiche-Amarrages-724x1024.jpg 724w, https://www.lesigne.be/wp-content/uploads/2024/05/Affiche-Amarrages-1087x1536.jpg 1087w, https://www.lesigne.be/wp-content/uploads/2024/05/Affiche-Amarrages.jpg 1170w" sizes="(max-width: 768px) 100vw, 768px" />															</div>
				</div>
					</div>
		</div>
					</div>
		</section>
				</div>

<p>Le projet « Amarrages+ » a été créé en septembre 2022 pour répondre à l’augmentation de jeunes en décrochage scolaire. Il se focalise sur une école du quartier, l’« Athénée Royal Vauban ».  L’action est systémique dans la mesure où elle s’attaque au phénomène sous plusieurs angles : scolaire, familial et individuel. Dans cette optique, Le Signe mène : Une action&hellip;</p>
