{"id":801,"date":"2022-11-23T13:16:48","date_gmt":"2022-11-23T12:16:48","guid":{"rendered":"https:\/\/www.lesigne.be\/?page_id=801"},"modified":"2025-12-30T12:26:14","modified_gmt":"2025-12-30T11:26:14","slug":"level-up","status":"publish","type":"page","link":"https:\/\/www.lesigne.be\/index.php\/level-up\/","title":{"rendered":"Level Up"},"content":{"rendered":"\t\t<div data-elementor-type=\"wp-page\" data-elementor-id=\"801\" class=\"elementor elementor-801\">\n\t\t\t\t\t\t<section class=\"elementor-section elementor-top-section elementor-element elementor-element-560aa071 elementor-section-boxed elementor-section-height-default elementor-section-height-default\" data-id=\"560aa071\" data-element_type=\"section\" data-e-type=\"section\">\n\t\t\t\t\t\t<div class=\"elementor-container elementor-column-gap-default\">\n\t\t\t\t\t<div class=\"elementor-column elementor-col-100 elementor-top-column elementor-element elementor-element-21f43925\" data-id=\"21f43925\" data-element_type=\"column\" data-e-type=\"column\">\n\t\t\t<div class=\"elementor-widget-wrap elementor-element-populated\">\n\t\t\t\t\t\t<div class=\"elementor-element elementor-element-3d044cea elementor-widget elementor-widget-text-editor\" data-id=\"3d044cea\" data-element_type=\"widget\" data-e-type=\"widget\" data-widget_type=\"text-editor.default\">\n\t\t\t\t<div class=\"elementor-widget-container\">\n\t\t\t\t\t\t\t\t\t<p><!-- \/wp:paragraph --><\/p><p><!-- wp:paragraph --><\/p><p>Level&rsquo; Up est un projet de pr\u00e9vention sociale et \u00e9ducative men\u00e9 par l\u2019AMO au sein de l\u2019Ath\u00e9n\u00e9e Royal Solvay. Il s\u2019adresse principalement aux \u00e9l\u00e8ves de premi\u00e8re secondaire et vise \u00e0 pr\u00e9venir le d\u00e9crochage scolaire en favorisant leur bien-\u00eatre, leur int\u00e9gration et leur engagement dans leur parcours scolaire.<\/p><p>Une pr\u00e9sence r\u00e9guli\u00e8re est assur\u00e9e dans les classes de premi\u00e8re secondaire (chaque mardi et un vendredi sur deux). Cette pr\u00e9sence permet de rep\u00e9rer pr\u00e9cocement les signes de mal-\u00eatre, de d\u00e9sengagement ou de difficult\u00e9s pouvant mener \u00e0 un d\u00e9crochage.<\/p><p>Dans un premier temps, nous animons des cercles de parole et des activit\u00e9s adapt\u00e9es qui permettent d\u2019am\u00e9liorer le climat de classe, de renforcer la coh\u00e9sion du groupe et de favoriser l\u2019expression des \u00e9l\u00e8ves dans un cadre bienveillant. Ces espaces cr\u00e9ent un lien de confiance essentiel pour rep\u00e9rer les comportements pouvant indiquer une situation de fragilit\u00e9.<\/p><p>Les intervenantes sont \u00e9galement disponibles durant le temps de midi du mardi pour accueillir les demandes des \u00e9l\u00e8ves, toutes ann\u00e9es confondues. Ce temps informel facilite les \u00e9changes plus personnels et peut mener, si n\u00e9cessaire, \u00e0 un accompagnement individuel par l\u2019AMO, en accord avec le jeune.<\/p><p>\u00c0 la suite de cette phase de rep\u00e9rage, deux types d\u2019actions compl\u00e9mentaires sont propos\u00e9s.<\/p><p>Des <strong>ateliers mensuels<\/strong>, organis\u00e9s le vendredi apr\u00e8s-midi \u00e0 l\u2019AMO, visent \u00e0 d\u00e9velopper ou renforcer les comp\u00e9tences psychosociales des jeunes (confiance en soi, estime de soi, gestion des \u00e9motions, communication, motivation\u2026). Ces ateliers s\u2019adressent \u00e0 des \u00e9l\u00e8ves pr\u00e9sentant des besoins sp\u00e9cifiques et identifi\u00e9s conjointement par l\u2019AMO et l\u2019\u00e9quipe \u00e9ducative. Les groupes sont limit\u00e9s \u00e0 5 jeunes afin de garantir un accompagnement de qualit\u00e9. Les th\u00e9matiques sont adapt\u00e9es aux besoins des participants et les familles sont associ\u00e9es au processus.<\/p><p>Par ailleurs, <strong>deux s\u00e9jours r\u00e9sidentiels par an<\/strong>\u00a0(3 jours \/ 2 nuits) sont organis\u00e9s pendant le temps scolaire pour des jeunes pr\u00e9sentant des signes de d\u00e9crochage li\u00e9s \u00e0 des difficult\u00e9s comportementales ou \u00e0 l\u2019absent\u00e9isme. Ces s\u00e9jours ont pour objectif de recr\u00e9er un climat de confiance, de soutenir le travail sur l\u2019estime de soi et de favoriser un r\u00e9accrochage scolaire durable.<br \/>Une activit\u00e9 de coh\u00e9sion est organis\u00e9e en amont afin de cr\u00e9er un premier lien, et l\u2019engagement du jeune ainsi que celui de sa famille est indispensable. Chaque s\u00e9jour accueille maximum 6 jeunes. \u00c0 l\u2019issue du s\u00e9jour, et avec l\u2019accord du jeune, des am\u00e9nagements sp\u00e9cifiques peuvent \u00eatre propos\u00e9s \u00e0 l\u2019\u00e9cole afin de soutenir son retour et sa reprise scolaire.<\/p><p>Le projet Level&rsquo; Up s\u2019inscrit dans une collaboration \u00e9troite avec l\u2019\u00e9quipe scolaire et, lorsque n\u00e9cessaire, avec d\u2019autres partenaires sociaux, afin de construire une v\u00e9ritable alliance \u00e9ducative autour du jeune et de lui offrir un accompagnement coh\u00e9rent et bienveillant.<\/p><p><strong>Responsable de projet au sein de l\u2019AMO pour les suivis individuels et les animations en classe : <\/strong>Axelle QUINZIN \u2013 <a href=\"tel:0488757780\"><u>0488\/75.77.80<\/u><\/a><\/p><p><strong>Responsable de projet pour les sejours et les ateliers mensuels organis\u00e9s par l&rsquo;AMO:<\/strong>\u00a0Cassie DELHAYE &#8211; <a href=\"tel:0484579223\"><u>0484\/57.92.23<\/u><\/a><\/p><p><!-- \/wp:paragraph --><\/p>\t\t\t\t\t\t\t\t<\/div>\n\t\t\t\t<\/div>\n\t\t\t\t\t<\/div>\n\t\t<\/div>\n\t\t\t\t\t<\/div>\n\t\t<\/section>\n\t\t\t\t<\/div>\n\t\t","protected":false},"excerpt":{"rendered":"<p>Level&rsquo; Up est un projet de pr\u00e9vention sociale et \u00e9ducative men\u00e9 par l\u2019AMO au sein de l\u2019Ath\u00e9n\u00e9e Royal Solvay. Il s\u2019adresse principalement aux \u00e9l\u00e8ves de premi\u00e8re secondaire et vise \u00e0 pr\u00e9venir le d\u00e9crochage scolaire en favorisant leur bien-\u00eatre, leur int\u00e9gration et leur engagement dans leur parcours scolaire. Une pr\u00e9sence r\u00e9guli\u00e8re est assur\u00e9e dans les classes&hellip;<\/p>\n","protected":false},"author":2,"featured_media":0,"parent":0,"menu_order":0,"comment_status":"closed","ping_status":"closed","template":"","meta":{"footnotes":""},"class_list":["post-801","page","type-page","status-publish","hentry"],"_links":{"self":[{"href":"https:\/\/www.lesigne.be\/index.php\/wp-json\/wp\/v2\/pages\/801","targetHints":{"allow":["GET"]}}],"collection":[{"href":"https:\/\/www.lesigne.be\/index.php\/wp-json\/wp\/v2\/pages"}],"about":[{"href":"https:\/\/www.lesigne.be\/index.php\/wp-json\/wp\/v2\/types\/page"}],"author":[{"embeddable":true,"href":"https:\/\/www.lesigne.be\/index.php\/wp-json\/wp\/v2\/users\/2"}],"replies":[{"embeddable":true,"href":"https:\/\/www.lesigne.be\/index.php\/wp-json\/wp\/v2\/comments?post=801"}],"version-history":[{"count":22,"href":"https:\/\/www.lesigne.be\/index.php\/wp-json\/wp\/v2\/pages\/801\/revisions"}],"predecessor-version":[{"id":1056,"href":"https:\/\/www.lesigne.be\/index.php\/wp-json\/wp\/v2\/pages\/801\/revisions\/1056"}],"wp:attachment":[{"href":"https:\/\/www.lesigne.be\/index.php\/wp-json\/wp\/v2\/media?parent=801"}],"curies":[{"name":"wp","href":"https:\/\/api.w.org\/{rel}","templated":true}]}}