{"id":515,"date":"2020-10-29T12:05:07","date_gmt":"2020-10-29T11:05:07","guid":{"rendered":"http:\/\/www.lesigne.be\/?page_id=515"},"modified":"2025-12-30T12:28:44","modified_gmt":"2025-12-30T11:28:44","slug":"acrobate","status":"publish","type":"page","link":"https:\/\/www.lesigne.be\/index.php\/prevention-sociale\/acrobate\/","title":{"rendered":"Acrobate"},"content":{"rendered":"<p><strong>Projet Acrobate \u2013 Favoriser l\u2019accrochage scolaire des jeunes en l\u2019accompagnant sur diff\u00e9rents facteurs potentiels du d\u00e9crochage scolaire (facteurs scolaires, individuels ou familiaux).<\/strong><\/p>\n<p>Ce projet s\u2019adresse \u00e0 24 enfants scolaris\u00e9s \u00e0 l\u2019Ath\u00e9n\u00e9e Royal Vauban et \u00e0 l\u2019\u00e9cole communale mixte Cobaux, sur une dur\u00e9e de deux ans :<\/p>\n<ul>\n<li>Premi\u00e8re ann\u00e9e : accompagnement trois jours par semaine<\/li>\n<li>Deuxi\u00e8me ann\u00e9e : accompagnement une fois par semaine<\/li>\n<\/ul>\n<p>\u00c9tant donn\u00e9 le lien \u00e9troit entre ce projet et la scolarit\u00e9 des jeunes, il nous semble essentiel de travailler en collaboration \u00e9troite avec les \u00e9quipes \u00e9ducatives des \u00e9coles. C\u2019est pourquoi enseignant\u00b7e\u00b7s et directions sont consid\u00e9r\u00e9s comme nos partenaires privil\u00e9gi\u00e9s. Ensemble, nous proposons aux jeunes et \u00e0 leurs parents de participer au projet.<\/p>\n<p><strong>Organisation des accompagnements<\/strong><\/p>\n<p>Au cours de la premi\u00e8re ann\u00e9e, l\u2019\u00e9quipe consacre un des trois temps d\u2019accueil hebdomadaires au d\u00e9veloppement du potentiel des jeunes et \u00e0 leur motivation.<br \/>\nLes deux autres accueils hebdomadaires se d\u00e9roulent en trois temps :<\/p>\n<ol>\n<li>Un moment de transition entre l\u2019\u00e9cole et les activit\u00e9s,<\/li>\n<li>Un soutien scolaire personnalis\u00e9,<\/li>\n<li>Un espace de parole collectif, propos\u00e9 chaque lundi et de la psychomotricit\u00e9 relationnelle de groupe le jeudi.<\/li>\n<\/ol>\n<p>La psychomotricit\u00e9 est encadr\u00e9e par deux psychomotriciennes et d\u2019une travailleuse sociale. Pendant 1h30, les enfants participent \u00e0 des activit\u00e9s visant \u00e0 d\u00e9velopper leurs comp\u00e9tences psycho-affectives, sociales et \u00e9motionnelles. Un accompagnement individuel en psychomotricit\u00e9 peut \u00e9galement \u00eatre mis en place en fonction des besoins.<\/p>\n<p><strong>Activit\u00e9s compl\u00e9mentaires<\/strong><\/p>\n<p>Des s\u00e9jours r\u00e9sidentiels sont organis\u00e9s au cours de l\u2019ann\u00e9e. Ces moments hors du cadre habituel offrent aux jeunes des exp\u00e9riences enrichissantes, encadr\u00e9es par des professionnel\u00b7le\u00b7s et b\u00e9n\u00e9voles.<\/p>\n<p><strong>Responsable du projet au sein de l\u2019AMO<\/strong> : Clara Detroz \u2013 <a href=\"tel:0488458887\">0488\/45.88.87<\/a><\/p>\n<p><strong>Projet men\u00e9 en collaboration avec l\u2019ONE.<\/strong><\/p>\n","protected":false},"excerpt":{"rendered":"<p>Projet Acrobate \u2013 Favoriser l\u2019accrochage scolaire des jeunes en l\u2019accompagnant sur diff\u00e9rents facteurs potentiels du d\u00e9crochage scolaire (facteurs scolaires, individuels ou familiaux). Ce projet s\u2019adresse \u00e0 24 enfants scolaris\u00e9s \u00e0 l\u2019Ath\u00e9n\u00e9e Royal Vauban et \u00e0 l\u2019\u00e9cole communale mixte Cobaux, sur une dur\u00e9e de deux ans : Premi\u00e8re ann\u00e9e : accompagnement trois jours par semaine Deuxi\u00e8me&hellip;<\/p>\n","protected":false},"author":2,"featured_media":0,"parent":72,"menu_order":0,"comment_status":"closed","ping_status":"closed","template":"","meta":{"footnotes":""},"class_list":["post-515","page","type-page","status-publish","hentry","description-off"],"_links":{"self":[{"href":"https:\/\/www.lesigne.be\/index.php\/wp-json\/wp\/v2\/pages\/515","targetHints":{"allow":["GET"]}}],"collection":[{"href":"https:\/\/www.lesigne.be\/index.php\/wp-json\/wp\/v2\/pages"}],"about":[{"href":"https:\/\/www.lesigne.be\/index.php\/wp-json\/wp\/v2\/types\/page"}],"author":[{"embeddable":true,"href":"https:\/\/www.lesigne.be\/index.php\/wp-json\/wp\/v2\/users\/2"}],"replies":[{"embeddable":true,"href":"https:\/\/www.lesigne.be\/index.php\/wp-json\/wp\/v2\/comments?post=515"}],"version-history":[{"count":16,"href":"https:\/\/www.lesigne.be\/index.php\/wp-json\/wp\/v2\/pages\/515\/revisions"}],"predecessor-version":[{"id":1058,"href":"https:\/\/www.lesigne.be\/index.php\/wp-json\/wp\/v2\/pages\/515\/revisions\/1058"}],"up":[{"embeddable":true,"href":"https:\/\/www.lesigne.be\/index.php\/wp-json\/wp\/v2\/pages\/72"}],"wp:attachment":[{"href":"https:\/\/www.lesigne.be\/index.php\/wp-json\/wp\/v2\/media?parent=515"}],"curies":[{"name":"wp","href":"https:\/\/api.w.org\/{rel}","templated":true}]}}