{"id":420,"date":"2020-01-02T11:11:41","date_gmt":"2020-01-02T10:11:41","guid":{"rendered":"http:\/\/www.lesigne.be\/?page_id=420"},"modified":"2020-01-08T08:50:58","modified_gmt":"2020-01-08T07:50:58","slug":"reglement-dordre-interieur","status":"publish","type":"page","link":"https:\/\/www.lesigne.be\/index.php\/a-propos\/reglement-dordre-interieur\/","title":{"rendered":"R\u00e8glement d&rsquo;Ordre Int\u00e9rieur"},"content":{"rendered":"<p>Veuillez cliquer sur le lien ci-dessous afin de t\u00e9l\u00e9charger notre R\u00e8glement d&rsquo;Ordre Int\u00e9rieur et d&rsquo;en prendre connaissance:<\/p>\n<p>&nbsp;<\/p>\n<p><a href=\"http:\/\/www.lesigne.be\/wp-content\/uploads\/2020\/01\/ROI-2019-AMO-Le-Signe.pdf\">ROI 2019 AMO Le Signe<\/a><\/p>\n","protected":false},"excerpt":{"rendered":"<p>Veuillez cliquer sur le lien ci-dessous afin de t\u00e9l\u00e9charger notre R\u00e8glement d&rsquo;Ordre Int\u00e9rieur et d&rsquo;en prendre connaissance: &nbsp; ROI 2019 AMO Le Signe<\/p>\n","protected":false},"author":2,"featured_media":0,"parent":18,"menu_order":0,"comment_status":"closed","ping_status":"closed","template":"","meta":{"footnotes":""},"class_list":["post-420","page","type-page","status-publish","hentry","description-off"],"_links":{"self":[{"href":"https:\/\/www.lesigne.be\/index.php\/wp-json\/wp\/v2\/pages\/420","targetHints":{"allow":["GET"]}}],"collection":[{"href":"https:\/\/www.lesigne.be\/index.php\/wp-json\/wp\/v2\/pages"}],"about":[{"href":"https:\/\/www.lesigne.be\/index.php\/wp-json\/wp\/v2\/types\/page"}],"author":[{"embeddable":true,"href":"https:\/\/www.lesigne.be\/index.php\/wp-json\/wp\/v2\/users\/2"}],"replies":[{"embeddable":true,"href":"https:\/\/www.lesigne.be\/index.php\/wp-json\/wp\/v2\/comments?post=420"}],"version-history":[{"count":5,"href":"https:\/\/www.lesigne.be\/index.php\/wp-json\/wp\/v2\/pages\/420\/revisions"}],"predecessor-version":[{"id":441,"href":"https:\/\/www.lesigne.be\/index.php\/wp-json\/wp\/v2\/pages\/420\/revisions\/441"}],"up":[{"embeddable":true,"href":"https:\/\/www.lesigne.be\/index.php\/wp-json\/wp\/v2\/pages\/18"}],"wp:attachment":[{"href":"https:\/\/www.lesigne.be\/index.php\/wp-json\/wp\/v2\/media?parent=420"}],"curies":[{"name":"wp","href":"https:\/\/api.w.org\/{rel}","templated":true}]}}